s 632324399 prime?
False
Is 3818647 composite?
True
Is 3775501 a prime number?
True
Is 474876053 composite?
False
Is 1239779 a prime number?
False
Is 17356663 a prime number?
False
Is 48239 composite?
False
Is 1061273 a prime number?
True
Is 8848901 a prime number?
True
Is 30399321 a prime number?
False
Is 809023 composite?
False
Is 16966622 a composite number?
True
Is 15386473 a prime number?
True
Is 113659849 a composite number?
False
Is 8626781 a prime number?
False
Is 109993 composite?
True
Is 3241051 a prime number?
False
Is 36511069 prime?
False
Is 35981029 a composite number?
True
Is 95741111 composite?
True
Is 5979005 a prime number?
False
Is 364937 a composite number?
False
Is 26213947 prime?
True
Is 6236327 prime?
True
Is 79708129 a composite number?
True
Is 1647551 a prime number?
True
Is 6856229 composite?
False
Is 163312099 a prime number?
True
Is 17769571 prime?
False
Is 172000649 prime?
False
Is 45474917 a composite number?
False
Is 24980889 a composite number?
True
Is 665813 prime?
True
Is 11302827 prime?
False
Is 54253163 a prime number?
True
Is 108877 prime?
True
Is 4356767 prime?
True
Is 15005327 a composite number?
False
Is 1068173 prime?
False
Is 81184205 composite?
True
Is 27257 a composite number?
True
Is 7146969 composite?
True
Is 481531 a prime number?
True
Is 2066501 prime?
True
Is 13919131 a prime number?
False
Is 70649321 prime?
True
Is 789755 prime?
False
Is 3494581 prime?
False
Is 46649 a prime number?
True
Is 5620787 prime?
True
Is 6672983 prime?
False
Is 1220287 a prime number?
False
Is 102639697 composite?
False
Is 5608261 composite?
True
Is 208715027 composite?
False
Is 29806199 a prime number?
True
Is 158113 a prime number?
True
Is 336060911 composite?
False
Is 1996171 prime?
True
Is 16062257 prime?
False
Is 1353491 composite?
True
Is 3106613 a prime number?
False
Is 447433741 a prime number?
False
Is 336126491 a composite number?
False
Is 30867 composite?
True
Is 310781843 composite?
False
Is 945823 prime?
True
Is 82582711 prime?
True
Is 32354209 composite?
True
Is 127378361 a prime number?
False
Is 1279351 a prime number?
False
Is 230159819 a prime number?
True
Is 555287 composite?
False
Is 523979509 prime?
False
Is 941557 a prime number?
True
Is 14529451 composite?
False
Is 509170191 a composite number?
True
Is 5412514 composite?
True
Is 1373831 a prime number?
False
Is 4732483 a composite number?
True
Is 3363427 a prime number?
True
Is 9083513 composite?
False
Is 506047 prime?
True
Is 71135927 prime?
False
Is 1224077 a composite number?
False
Is 17405221 composite?
False
Is 2773301 a prime number?
True
Is 13535873 composite?
True
Is 1863665 a prime number?
False
Is 18839 a prime number?
True
Is 1412207057 a prime number?
False
Is 64036933 composite?
True
Is 3542237 composite?
True
Is 131089109 prime?
True
Is 82371559 composite?
False
Is 19415909 prime?
False
Is 9733847 a composite number?
False
Is 1388291 a prime number?
False
Is 5893345 a composite number?
True
Is 123567343 a composite number?
False
Is 19394761 composite?
False
Is 2758157 a prime number?
True
Is 4929587 a prime number?
False
Is 188366671 composite?
False
Is 139972541 composite?
False
Is 277654607 a composite number?
True
Is 111824429 prime?
True
Is 454931 a composite number?
False
Is 5005907 a prime number?
True
Is 8634853 prime?
False
Is 4527991 prime?
False
Is 2348943 prime?
False
Is 23952323 composite?
True
Is 26673931 a prime number?
True
Is 3421643 prime?
False
Is 15414361 a prime number?
False
Is 26582 composite?
True
Is 3537791 composite?
True
Is 72454111 prime?
False
Is 48078461 prime?
True
Is 651275123 composite?
True
Is 30073567 composite?
False
Is 70374397 prime?
False
Is 264978059 prime?
True
Is 35975111 a prime number?
False
Is 2558173 a prime number?
True
Is 136858489 prime?
True
Is 148486259 composite?
False
Is 457585721 a composite number?
True
Is 71272511 a composite number?
True
Is 99669 a prime number?
False
Is 11960213 a prime number?
False
Is 33523753 prime?
False
Is 112215511 a composite number?
False
Is 64760765 a composite number?
True
Is 36668011 a prime number?
True
Is 193582751 a composite number?
True
Is 911437 a prime number?
True
Is 8191067 composite?
True
Is 5167247 a prime number?
True
Is 2406893 prime?
False
Is 68935267 prime?
False
Is 3616963 prime?
False
Is 2476579 a composite number?
True
Is 98139611 composite?
True
Is 3599213 a prime number?
False
Is 7874387 a prime number?
True
Is 78848543 a prime number?
True
Is 5731267 prime?
False
Is 11725421 a prime number?
False
Is 4346743 a prime number?
False
Is 13025183 a prime number?
True
Is 483731 composite?
True
Is 129531077 composite?
True
Is 178272343 a prime number?
True
Is 29112841 a composite number?
False
Is 27939943 a prime number?
True
Is 177483751 composite?
True
Is 8802451 a composite number?
True
Is 720127 a prime number?
True
Is 32270759 composite?
True
Is 5788109 a composite number?
True
Is 5518237 a prime number?
False
Is 6911999 prime?
False
Is 248383 a composite number?
True
Is 163898467 a prime number?
True
Is 2322161 a composite number?
True
Is 4151723 a composite number?
True
Is 32531341 prime?
True
Is 1139081 a composite number?
False
Is 12865469 a composite number?
False
Is 441101 composite?
False
Is 13949519 prime?
True
Is 314400631 a composite number?
False
Is 84545905 composite?
True
Is 2283859 prime?
False
Is 52512527 prime?
True
Is 19758007 a composite number?
True
Is 345383 a composite number?
True
Is 3388903 composite?
True
Is 57274871 prime?
True
Is 299737 a prime number?
False
Is 33925907 a prime number?
True
Is 41107193 a prime number?
True
Is 251010583 a prime number?
True
Is 21655057 a prime number?
False
Is 11809313 composite?
False
Is 10879503 prime?
False
Is 81905749 composite?
True
Is 14502827 prime?
True
Is 3629069 composite?
True
Is 15003451 a prime number?
True
Is 4422959 a prime number?
True
Is 15401503 prime?
False
Is 714659 a prime number?
False
Is 8858107 composite?
False
Is 33234403 composite?
False
Is 6514751 prime?
True
Is 714551 prime?
True
Is 239516153 prime?
False
Is 111487429 prime?
True
Is 42153317 composite?
True
Is 3673843 a composite number?
True
Is 32497307 a composite number?
False
Is 141555151 a prime number?
True
Is 3303277 composite?
True
Is 11004167 composite?
False
Is 2832443 prime?
True
Is 667655633 a prime number?
False
Is 9071393 a composite number?
False
Is 7269511 prime?
True
Is 992936405 prime?
False
Is 14739779 a composite number?
False
Is 31407227 a prime number?
False
Is 166648781 composite?
True
Is 597847 a composite number?
True
Is 13916697 prime?
False
Is 44379227 composite?
True
Is 4311403 composite?
False
Is 7253579 prime?
False
Is 87464743 prime?
True
Is 28361995 a prime number?
False
Is 12152081 composite?
False
Is 15278771 a composite number?
True
Is 758959 composite?
True
Is 32898353 a prime number?
True
Is 58396369 a composite number?
True
Is 1619167 a composite number?
True
Is 44511367 a prime number?
True
Is 14068183 a prime number?
True
Is 261088837 composite?
False
Is 1996213 prime?
False
Is 16604345 a prime number?
False
Is 5994769 a prime number?
False
Is 28295627 a composite number?
True
Is 23020621 a composite number?
True
Is 1516847 a prime number?
True
Is 187441 composite?
False
Is 70939549 a composite number?
False
Is 21875363 composite?
False
Is 8408383 prime?
False
Is 350057 composite?
True
Is 29822803 a composite number?
False
Is 14129761 composite?
False
Is 4107379 a composite number?
True
Is 642250793 a prime number?
True
Is 187855541 a prime number?
True
Is 132488239 prime?
False
Is 9311 composite?
False
Is 2323093 a prime number?
False
Is 7293203 a prime number?
False
Is 2126959 prime?
False
Is 32358085 a composite number?
True
Is 6698603 composite?
True
Is 3468799 a composite number?
True
Is 4041899 prime?
True
Is 24671401 composite?
True
Is 5192458 prime?
False
Is 11668043 prime?
True
Is 286235177 composite?
False
Is 14429197 prime?
False
Is 169093 prime?
True
Is 17245847 a composite number?
False
Is 23319781 prime?
False
Is 14879279 a composite number?
False
Is 33497231 a prime number?
True
Is 29796027 prime?
False
Is 1225661 a composite number?
True
Is 2569711 a composite number?
True
Is 516539 a prime number?
True
Is 9409411 a prime number?
False
I